t common divisor of c and 64.
8
Let l(v) = -8*v. Let m be l(-2). Suppose -5*u - 23 = -0*h + h, -2*h = u + 1. What is the greatest common factor of h and m?
2
Let x(r) = -r**2 - 5*r. Let z be x(-5). Let n(b) = 8 + 22 + z*b - 9 - b. Let w be n(9). What is the highest common factor of w and 36?
12
Let i(s) = 5*s**2 - 1. Let d(q) = q**3 + q - 1. Let c be d(0). Let z be i(c). Suppose -1 = -5*k + z. Calculate the highest common divisor of 1 and k.
1
Suppose -i - 2*i = -5*a - 36, 9 = -3*a. Let y = -11 + 16. Suppose y - 33 = -w. What is the greatest common factor of w and i?
7
Let w be (-1)/(-5) + (-536)/(-20). What is the greatest common divisor of w and 3?
3
Let c(z) be the third derivative of z**5/60 - z**4/8 - z**3/2 + 4*z**2. Let o be c(6). Calculate the greatest common factor of o and 6.
3
Let s = -39 + 57. Let d = 206 - 8. What is the greatest common factor of s and d?
18
Suppose 52 = v - 3*d, 3*v + 4*d + 8 - 190 = 0. Calculate the highest common divisor of 29 and v.
29
Let a(k) = 88*k**2 - 4*k - 1. Let j be a(2). What is the highest common divisor of j and 49?
49
Suppose 2*j + 5*b + 4 = 5, j - 3*b = 17. Calculate the highest common divisor of j and 12.
4
Let y be (4/3)/((-2)/(-6)). Suppose 2*l = -4*h - 44, 2*l - 7 + 69 = 2*h. Let q = 48 + l. Calculate the highest common factor of q and y.
4
Suppose -3*j - 7 + 43 = 0. Calculate the greatest common divisor of j and 108.
12
Suppose -m - 78 = -2*m - 2*a, -4*m + 276 = -4*a. What is the highest common divisor of m and 8?
8
Let m be (-68 + 0)*(-5)/4. Let l(n) = 2*n**2 - 3*n + 2. Let c be l(5). Let g = c + -3. Calculate the highest common factor of m and g.
17
Suppose -15 = -2*m + 69. What is the highest common factor of 84 and m?
42
Let y be 2*(-4)/6*6. Let i be (y/3)/(4/(-66)). Calculate the greatest common factor of i and 22.
22
Suppose m - 8 = 3*m. Let f(b) = -b + 2. Let z be f(m). What is the greatest common divisor of z and 6?
6
Let i be 4 + -1 + -2 + 2. Calculate the highest common divisor of i and 3.
3
Let f = 4 - 3. Let x = -21 - -18. Let s be (-26)/(-10) + x/5. Calculate the greatest common factor of f and s.
1
Suppose 5*m + 4*b - 342 = 0, 7*m + 72 = 8*m - b. Let p = -22 - -32. What is the greatest common divisor of m and p?
10
Let y(b) = -4*b**2 + 7*b. Let s(r) = -r. Let n(c) = -5*s(c) - y(c). Let t be n(-2). Let m = -1 + t. What is the highest common factor of m and 19?
19
Let g(r) = -r**2 + r + 11. Let b be g(0). Calculate the highest common divisor of 1 and b.
1
Suppose -3*n - 37 - 8 = 0. Let l be n/(((-6)/2)/3). Suppose -5*x = -2*x - 15. What is the greatest common divisor of l and x?
5
Suppose 8*f = 4*f + 32. Suppose 15 = 2*l - 11. Let r = l - f. Calculate the highest common factor of 5 and r.
5
Let a be ((-44)/6)/(2/(-6)). Suppose 0 = q + q - a. Suppose 0 = -2*o + 4*o - 3*p - 176, p = o - 88. Calculate the greatest common divisor of q and o.
11
Suppose -5*j + 9*j = 80. What is the greatest common divisor of 80 and j?
20
Let t be (-4)/(-2 - 11/(-6)). Let f = 48 + -32. Let c be (f/(-3))/((-6)/9). Calculate the greatest common factor of t and c.
8
Suppose 0*r - 2*r = 2. Let z be (7 + r)*(-2)/(-3). Suppose -p + 34 = -4*k, z = -2*k - 6. Calculate the highest common divisor of 56 and p.
14
Let a be -1*-4*3 - 0. What is the greatest common divisor of a and 3?
3
Let y(w) = -5*w + 3. Let c(f) = -f**2 + 10*f + 10. Let i be c(11). Let g be y(i). Suppose 0 = -4*h + 87 - 7. Calculate the highest common factor of h and g.
4
Let z(h) = 2*h - 11. Let r be z(10). Calculate the highest common factor of r and 45.
9
Let p(b) = b**2 + 5*b - 6. Let s(q) = 2*q**2 - 2*q**3 + q**3 - 7*q**2 + 6. Let u be s(-5). Let k be p(u). Calculate the highest common factor of k and 12.
12
Suppose 0 = 5*m - 59 + 159. Let i = 33 + m. What is the greatest common divisor of i and 13?
13
Let v = -3 - -45. Let m be 1*5*6/(-15). Let j be 2 + m/(-1) - -2. Calculate the highest common factor of j and v.
6
Let x be (-1)/(1 - (-36)/(-34)). What is the greatest common factor of 68 and x?
17
Suppose 0 = -4*l + 98 - 2. Calculate the greatest common factor of 60 and l.
12
Let u(q) = 4*q**2 + q - 2. Let w be u(-2). Let n = -2 - -14. What is the greatest common factor of n and w?
12
Let p(g) = -2*g + 32. Let j be p(14). What is the greatest common factor of j and 6?
2
Suppose 0*u - 32 = -4*u. Suppose -a - 4 = -3*a. Suppose 0 = a*h - h - z - 10, 4*z = h - 16. Calculate the greatest common divisor of u and h.
8
Let n(f) = -f**2 - 3*f + 9. Let l be n(-4). What is the greatest common divisor of l and 25?
5
Let d = 0 + 2. Suppose -14 = -2*m - d. Let c be 2/(-5) + 36/15. Calculate the highest common divisor of m and c.
2
Let q(w) = -2*w**2 + 37*w - 10. Let z be q(18). What is the greatest common factor of z and 88?
8
Suppose -2*y - 1233 = -5*y. Suppose 2*u - y = 227. Calculate the highest common divisor of 29 and u.
29
Let c = -1 - 10. Let p = -4 - c. Let f(x) = -x**3 + 8*x**2 - 6*x - 3. Let n be f(p). Calculate the highest common factor of n and 44.
4
Suppose -6*g + 17 = -13. Calculate the greatest common factor of 55 and g.
5
Let w = 17 + -41. Let o = 43 + w. Calculate the highest common factor of o and 152.
19
Let k = -26 + 31. Calculate the highest common factor of 40 and k.
5
Suppose -14 - 4 = -3*q. Let s(j) be the third derivative of j**4/4 + j**3 - 2*j**2. Let n be s(8). Calculate the highest common divisor of n and q.
6
Let b = -54 + 79. Calculate the greatest common factor of 10 and b.
5
Let c = 18 - 10. What is the greatest common factor of 4 and c?
4
Suppose -j - 2*j + 6 = 0. Suppose -m = -5, 3*c = -j*m - 0*m + 274. Let w be (1 + 0)/(1/11). What is the highest common divisor of w and c?
11
Let o be (-4 + 1)*344/(-12). Suppose o = 4*f - 2*h, -f - 1 = -4*h - 5. What is the highest common factor of 36 and f?
12
Let h be (-6 - -7)/(3/84). What is the highest common divisor of 28 and h?
28
Let v be 0 + -1 + (1 - 3). Let a be 2*(0 + v/1). Let p be a/(2/(-4) + 0). Calculate the highest common divisor of p and 132.
12
Let q(z) = -z**3 - 17*z**2 + 18*z + 21. Let a be q(-18). What is the greatest common divisor of a and 63?
21
Let j be (-42)/4*120/(-14). Let f(i) = 2*i**2 + 9*i. Let t be f(-6). Calculate the greatest common divisor of j and t.
18
Suppose -7*c - 5*f - 510 = -2*c, -4*f = 2*c + 202. Let s = c - -167. Let z = 2 + 14. Calculate the highest common factor of s and z.
16
Let c be ((-10)/6 - -1)*(-17 - 109). Calculate the greatest common factor of 24 and c.
12
Suppose -t - p = -4*t + 35, -4*p - 8 = -t. Let n = 1 + 4. Let w = n + -1. Calculate the greatest common factor of t and w.
4
Let u(l) = l**2 + 10*l + 25. Let v be u(7). Suppose -8*r + 2*p = -4*r - 70, -5*r = 5*p - 65. What is the greatest common divisor of v and r?
16
Let y be (2 + 189/(-12))*-4. What is the greatest common factor of 33 and y?
11
Let l(k) be the first derivative of -k**3/3 + 3*k**2/2 + 2*k + 2. Let y be l(3). Calculate the highest common factor of y and 16.
2
Suppose 3*k + 0*k = 48. Suppose -u = u - 224. What is the highest common factor of k and u?
16
Let s = -1 - -3. Suppose -2*k - 2*k + 1 = -3*b, 3*k - 4 = -b. Let n be s/(-2)*(-10 + b). What is the highest common factor of 27 and n?
9
Suppose -243 = -3*y - 4*z, -2*y - 5*z - 162 = -4*y. Suppose -28 = 4*d + 4*g - 0*g, -3*g - 15 = 0. Let x = 7 - d. What is the highest common divisor of y and x?
9
Let c be (-1)/(-2 - (-2 + -1)). Let t = -44 + c. Let l = t - -78. Calculate the greatest common factor of 3 and l.
3
Let h be 1/3*(365 + -2). Let w = -65 + h. Calculate the highest common factor of w and 14.
14
Suppose 0 = -2*v + 10, -2*d + v - 6*v = 43. Let n be d/1*7/(-14). What is the greatest common factor of 68 and n?
17
Let t(q) = q**2 - 7*q - 10. Let h be t(9). Suppose -4*m - 8 = h. Let a be (30/m - -2)*-10. Calculate the highest common factor of a and 11.
11
Let d = -3 + 13. Let a = -4 + 4. Suppose -u + a*u = -25. What is the greatest common factor of d and u?
5
Let o(b) = b**3 + 10*b**2 + 6*b - 13. Let m be o(-9). Calculate the greatest common factor of m and 70.
14
Let x = 1 + 1. Suppose -5*l + 7*a = 4*a - 140, 0 = x*a + 10. Calculate the greatest common factor of 5 and l.
5
Suppose 2*m = 100 + 70. Let o = 12 + 5. Calculate the greatest common factor of m and o.
17
Let n be 3 + -4 + -3 + 84. Calculate the 